 the prime factors of 3591991?
13, 83, 3329
What are the prime factors of 844145?
5, 197, 857
What are the prime factors of 173671?
173671
What are the prime factors of 2650498?
2, 659, 2011
What are the prime factors of 703952?
2, 43997
List the prime factors of 22842293.
673, 33941
List the prime factors of 740565.
3, 5, 7, 2351
List the prime factors of 296456.
2, 37057
List the prime factors of 4079291.
653, 6247
What are the prime factors of 4759570?
2, 5, 475957
List the prime factors of 10785944.
2, 13, 37, 2803
What are the prime factors of 63586?
2, 31793
What are the prime factors of 139312?
2, 8707
What are the prime factors of 401133?
3, 133711
What are the prime factors of 250090?
2, 5, 89, 281
List the prime factors of 87320.
2, 5, 37, 59
List the prime factors of 621573.
3, 207191
What are the prime factors of 9794747?
19, 83, 6211
List the prime factors of 21119002.
2, 10559501
What are the prime factors of 20014503?
3, 6671501
List the prime factors of 6994395.
3, 5, 17, 41, 223
What are the prime factors of 3381607?
199, 16993
List the prime factors of 2438071.
2438071
List the prime factors of 629281.
629281
List the prime factors of 14501310.
2, 3, 5, 483377
What are the prime factors of 157746?
2, 3, 61, 431
What are the prime factors of 643336?
2, 29, 47, 59
List the prime factors of 35597.
35597
What are the prime factors of 12565057?
17, 739121
List the prime factors of 475163.
13, 36551
List the prime factors of 1859178.
2, 3, 163, 1901
What are the prime factors of 5127?
3, 1709
What are the prime factors of 19319?
19319
List the prime factors of 1868960.
2, 5, 11681
What are the prime factors of 6235771?
6235771
What are the prime factors of 10332291?
3, 3444097
What are the prime factors of 771578?
2, 317, 1217
List the prime factors of 9767008.
2, 305219
What are the prime factors of 14337?
3, 59
What are the prime factors of 9196409?
9196409
List the prime factors of 182228.
2, 45557
What are the prime factors of 251249?
43, 5843
What are the prime factors of 282431?
29, 9739
What are the prime factors of 6719732?
2, 101, 16633
What are the prime factors of 1082140?
2, 5, 61, 887
List the prime factors of 5595137.
107, 52291
List the prime factors of 34597.
29, 1193
List the prime factors of 98643.
3, 131, 251
List the prime factors of 427865.
5, 83, 1031
List the prime factors of 461426.
2, 7, 23, 1433
What are the prime factors of 5475381?
3, 757, 2411
List the prime factors of 3139026.
2, 3, 11, 199, 239
What are the prime factors of 2204376?
2, 3, 53, 1733
List the prime factors of 375178.
2, 109, 1721
List the prime factors of 9154837.
9154837
What are the prime factors of 2481294?
2, 3, 37, 11177
List the prime factors of 2587100.
2, 5, 41, 631
What are the prime factors of 9667615?
5, 1933523
What are the prime factors of 388508?
2, 97127
List the prime factors of 26962865.
5, 5392573
List the prime factors of 6313305.
3, 5, 31, 13577
List the prime factors of 227778.
2, 3, 37963
What are the prime factors of 27625612?
2, 7, 17, 8291
List the prime factors of 3052879.
3052879
What are the prime factors of 6545?
5, 7, 11, 17
List the prime factors of 3987478.
2, 11, 211, 859
List the prime factors of 6146021.
7, 125429
What are the prime factors of 5428988?
2, 307, 4421
List the prime factors of 4378767.
3, 1459589
What are the prime factors of 253077?
3, 11, 7669
List the prime factors of 74687.
74687
List the prime factors of 75505.
5, 15101
List the prime factors of 2484889.
11, 223, 1013
List the prime factors of 101278.
2, 79, 641
What are the prime factors of 1536712?
2, 47, 61, 67
List the prime factors of 1212823.
37, 32779
What are the prime factors of 16867709?
16867709
What are the prime factors of 1395025?
5, 41, 1361
List the prime factors of 632540.
2, 5, 31627
List the prime factors of 1138856.
2, 142357
What are the prime factors of 1106760?
2, 3, 5, 23, 401
List the prime factors of 113789.
13, 8753
What are the prime factors of 168242?
2, 84121
List the prime factors of 99356.
2, 59, 421
List the prime factors of 2703772.
2, 251, 2693
List the prime factors of 1301626.
2, 650813
List the prime factors of 298454.
2, 13, 883
List the prime factors of 14789508.
2, 3, 73, 16883
What are the prime factors of 543293?
599, 907
What are the prime factors of 1691301?
3, 199, 2833
List the prime factors of 803643.
3, 19, 23, 613
List the prime factors of 1331705.
5, 113, 2357
List the prime factors of 334892.
2, 29, 2887
What are the prime factors of 383589?
3, 14207
List the prime factors of 4465395.
3, 5, 11, 31, 97
List the prime factors of 18004450.
2, 5, 360089
List the prime factors of 20493233.
619, 33107
What are the prime factors of 2680812?
2, 3, 113, 659
What are the prime factors of 17414375?
5, 11, 17, 149
What are the prime factors of 587298?
2, 3, 97883
List the prime factors of 1908491.
13, 146807
What are the prime factors of 483924?
2, 3, 7, 823
List the prime factors of 2739354.
2, 3, 456559
What are the prime factors of 18097053?
3, 13, 61, 7607
List the prime factors of 1544846.
2, 139, 5557
List the prime factors of 4638819.
3, 1546273
What are the prime factors of 7574101?
7574101
What are the prime factors of 363501?
3, 13463
List the prime factors of 46350.
2, 3, 5, 103
List the prime factors of 352531.
227, 1553
What are the prime factors of 4731869?
631, 7499
What are the prime factors of 378537?
3, 19, 29, 229
What are the prime factors of 21150648?
2, 3, 19, 15461
What are the prime factors of 43361?
131, 331
List the prime factors of 3661953.
3, 17, 59, 1217
List the prime factors of 10253464.
2, 13, 19, 5189
List the prime factors of 1240529.
19, 109, 599
List the prime factors of 3765259.
691, 5449
What are the prime factors of 12057352?
2, 17, 88657
List the prime factors of 31909.
17, 1877
List the prime factors of 161004.
2, 3, 13417
List the prime factors of 2289358.
2, 41, 27919
List the prime factors of 90202.
2, 7, 17, 379
List the prime factors of 6862556.
2, 23, 97, 769
List the prime factors of 145574.
2, 11, 13, 509
What are the prime factors of 12556520?
2, 5, 47, 6679
List the prime factors of 1224377.
7, 11, 15901
What are the prime factors of 2348344?
2, 293543
List the prime factors of 2782972.
2, 695743
What are the prime factors of 2185640?
2, 5, 101, 541
List the prime factors of 313918.
2, 11, 19, 751
List the prime factors of 110381.
17, 43, 151
What are the prime factors of 437667?
3, 23, 6343
List the prime factors of 1173775.
5, 29, 1619
What are the prime factors of 4910966?
2, 67, 547
List the prime factors of 115375.
5, 13, 71
List the prime factors of 1546625.
5, 12373
List the prime factors of 6757609.
29, 233021
What are the prime factors of 13486734?
2, 3, 61, 71, 173
What are the prime factors of 1834753?
1834753
List the prime factors of 89429.
37, 2417
List the prime factors of 6243188.
2, 7, 53, 601
List the prime factors of 416633.
7, 53, 1123
What are the prime factors of 6950403?
3, 71, 73, 149
List the prime factors of 10822938.
2, 3, 7, 257689
What are the prime factors of 170427?
3, 56809
List the prime factors of 150229.
17, 8837
What are the prime factors of 444866?
2, 19, 23, 509
List the prime factors of 328685.
5, 7, 9391
List the prime factors of 1969576.
2, 7, 35171
List the prime factors of 494127.
3, 18301
What are the prime factors of 76088?
2, 9511
List the prime factors of 1771820.
2, 5, 88591
List the prime factors of 607433.
53, 73, 157
What are the prime factors of 989078?
2, 494539
What are the prime factors of 7805737?
17, 359, 1279
What are the prime factors of 364538?
2, 113, 1613
List the prime factors of 682230.
2, 3, 5, 22741
What are the prime factors of 27537?
3, 67, 137
List the prime factors of 226275.
3, 5, 7, 431
List the prime factors of 6908415.
3, 5, 460561
List the prime factors of 211981.
7, 11, 2753
List the prime factors of 22442979.
3, 13, 37, 103, 151
What are the prime factors of 891687?
3, 23, 12923
What are the prime factors of 253899?
3, 28211
What are the prime factors of 5489222?
2, 2744611
What are the prime factors of 1160367?
3, 13, 29753
What are the prime factors of 18421228?
2, 7, 307, 2143
List the prime factors of 320786.
2, 107, 1499
List the prime factors of 23294605.
5, 